prime factors of 1384475.
5, 79, 701
What are the prime factors of 1045109?
13, 17, 4729
What are the prime factors of 4593805?
5, 109, 8429
What are the prime factors of 18740830?
2, 5, 1874083
What are the prime factors of 292690?
2, 5, 29269
What are the prime factors of 294418?
2, 147209
List the prime factors of 10686776.
2, 1335847
What are the prime factors of 217689?
3, 149, 487
List the prime factors of 148370.
2, 5, 37, 401
What are the prime factors of 957934?
2, 478967
List the prime factors of 12944708.
2, 7, 462311
What are the prime factors of 3501348?
2, 3, 291779
List the prime factors of 4990783.
7, 31, 109, 211
List the prime factors of 1532764.
2, 31, 47, 263
List the prime factors of 709265.
5, 141853
List the prime factors of 2074090.
2, 5, 207409
List the prime factors of 9558583.
9558583
List the prime factors of 16772.
2, 7, 599
List the prime factors of 427324.
2, 47, 2273
What are the prime factors of 26257124?
2, 31, 37, 59, 97
What are the prime factors of 18514331?
11, 53, 2887
List the prime factors of 287667.
3, 31963
List the prime factors of 7760235.
3, 5, 7, 73907
List the prime factors of 240605.
5, 48121
List the prime factors of 19979005.
5, 73, 127, 431
List the prime factors of 184898.
2, 7, 47, 281
List the prime factors of 2638955.
5, 11, 47981
List the prime factors of 449936.
2, 61, 461
List the prime factors of 85742.
2, 43, 997
What are the prime factors of 505464?
2, 3, 21061
What are the prime factors of 1357802?
2, 678901
List the prime factors of 5107532.
2, 89, 14347
List the prime factors of 4032225.
3, 5, 17921
What are the prime factors of 1932182?
2, 7, 79, 1747
List the prime factors of 7351778.
2, 7, 525127
List the prime factors of 939014.
2, 653, 719
List the prime factors of 707994.
2, 3, 7, 1873
What are the prime factors of 2246945?
5, 103, 4363
What are the prime factors of 81305?
5, 7, 23, 101
What are the prime factors of 9668?
2, 2417
List the prime factors of 129178.
2, 7, 9227
List the prime factors of 3079223.
7, 41, 10729
List the prime factors of 895.
5, 179
List the prime factors of 21666090.
2, 3, 5, 37, 131, 149
What are the prime factors of 8489421?
3, 314423
What are the prime factors of 395893?
149, 2657
List the prime factors of 1183126.
2, 7, 84509
List the prime factors of 6200969.
197, 31477
What are the prime factors of 30451?
37, 823
List the prime factors of 2656290.
2, 3, 5, 7, 13, 139
List the prime factors of 153658.
2, 76829
What are the prime factors of 36410332?
2, 7, 185767
List the prime factors of 3405908.
2, 11, 31, 227
List the prime factors of 3179897.
7, 19, 23909
List the prime factors of 10034764.
2, 2508691
What are the prime factors of 14930803?
71, 113, 1861
What are the prime factors of 15068704?
2, 7, 67271
List the prime factors of 511061.
511061
List the prime factors of 15868955.
5, 3173791
List the prime factors of 1044526.
2, 7, 74609
List the prime factors of 242873.
242873
List the prime factors of 253212.
2, 3, 21101
What are the prime factors of 853553?
17, 23, 37, 59
What are the prime factors of 645353?
645353
What are the prime factors of 190638?
2, 3, 7, 17, 89
List the prime factors of 12630042.
2, 3, 701669
List the prime factors of 155815.
5, 11, 2833
What are the prime factors of 1425127?
11, 17, 7621
List the prime factors of 1350523.
907, 1489
What are the prime factors of 27239767?
27239767
What are the prime factors of 454258?
2, 7, 71, 457
What are the prime factors of 1419482?
2, 709741
List the prime factors of 13135532.
2, 181, 18143
List the prime factors of 257758.
2, 128879
List the prime factors of 12766402.
2, 11, 580291
List the prime factors of 3664699.
67, 83, 659
What are the prime factors of 50626?
2, 17, 1489
List the prime factors of 8325633.
3, 1553, 1787
What are the prime factors of 2219923?
2219923
List the prime factors of 3064506.
2, 3, 510751
List the prime factors of 8997480.
2, 3, 5, 2777
What are the prime factors of 709763?
317, 2239
What are the prime factors of 3362993?
113, 29761
List the prime factors of 14923399.
17, 239, 3673
List the prime factors of 2377903.
11, 216173
What are the prime factors of 7449814?
2, 3724907
List the prime factors of 348413.
13, 26801
List the prime factors of 7143813.
3, 793757
What are the prime factors of 184506?
2, 3, 7, 23, 191
What are the prime factors of 299917?
181, 1657
List the prime factors of 17262570.
2, 3, 5, 13, 44263
What are the prime factors of 12339938?
2, 13, 131, 3623
List the prime factors of 1036836.
2, 3, 83, 347
What are the prime factors of 20681376?
2, 3, 211, 1021
What are the prime factors of 11418086?
2, 47, 121469
What are the prime factors of 842402?
2, 11, 59
What are the prime factors of 14727863?
1201, 12263
List the prime factors of 4480719.
3, 1493573
What are the prime factors of 944340?
2, 3, 5, 15739
List the prime factors of 4187449.
7, 23, 31, 839
What are the prime factors of 201466?
2, 100733
List the prime factors of 25208828.
2, 23, 31, 8839
What are the prime factors of 352201?
352201
What are the prime factors of 1292436?
2, 3, 3989
List the prime factors of 3732597.
3, 11, 37, 1019
What are the prime factors of 14012132?
2, 163, 21491
List the prime factors of 1331250.
2, 3, 5, 71
What are the prime factors of 421783?
421783
What are the prime factors of 10537?
41, 257
What are the prime factors of 1344049?
7, 192007
What are the prime factors of 542015?
5, 43, 2521
What are the prime factors of 489994?
2, 244997
What are the prime factors of 893323?
19, 47017
What are the prime factors of 13655577?
3, 13, 337, 1039
What are the prime factors of 4947823?
587, 8429
What are the prime factors of 7868115?
3, 5, 53, 3299
List the prime factors of 994011.
3, 331337
List the prime factors of 285080.
2, 5, 7127
List the prime factors of 131308.
2, 17, 1931
What are the prime factors of 287941?
29, 9929
List the prime factors of 4165068.
2, 3, 17, 1201
List the prime factors of 1679714.
2, 19, 44203
What are the prime factors of 91267?
11, 8297
List the prime factors of 845867.
11, 131, 587
List the prime factors of 11716058.
2, 29, 202001
What are the prime factors of 144768?
2, 3, 13, 29
List the prime factors of 21489868.
2, 5372467
What are the prime factors of 267725?
5, 10709
List the prime factors of 9245879.
613, 15083
List the prime factors of 3869728.
2, 120929
What are the prime factors of 33989626?
2, 11, 140453
What are the prime factors of 14007618?
2, 3, 778201
What are the prime factors of 613072?
2, 38317
What are the prime factors of 588175?
5, 7, 3361
List the prime factors of 1008206.
2, 504103
What are the prime factors of 9453237?
3, 103, 30593
List the prime factors of 56149.
56149
List the prime factors of 430754.
2, 37, 5821
What are the prime factors of 2192850?
2, 3, 5, 11, 443
What are the prime factors of 4674733?
7, 667819
What are the prime factors of 15726865?
5, 7, 11, 40849
What are the prime factors of 8689764?
2, 3, 19, 38113
List the prime factors of 7478441.
41, 179, 1019
What are the prime factors of 369138?
2, 3, 7, 11, 17, 47
List the prime factors of 6543069.
3, 13, 167771
What are the prime factors of 796865?
5, 197, 809
What are the prime factors of 240842?
2, 7, 17203
What are the prime factors of 6845680?
2, 5, 85571
List the prime factors of 686875.
5, 7, 157
List the prime factors of 6098438.
2, 47, 64877
List the prime factors of 4659164.
2, 1164791
List the prime factors of 781382.
2, 7, 55813
List the prime factors of 398181.
3, 7, 67, 283
List the prime factors of 103810.
2, 5, 7, 1483
List the prime factors of 30151762.
2, 239, 63079
List the prime factors of 4260142.
2, 19, 71, 1579
What are the prime factors of 759130?
2, 5, 75913
List the prime factors of 641208.
2, 3, 26717
List the prime factors of 498331.
498331
List the prime factors of 65863.
7, 97
List the prime factors of 1537343.
23, 66841
What are the prime factors of 3929610?
2, 3, 5, 130987
List the prime factors of 61421.
17, 3613
What are the prime factors of 2095630?
2, 5, 209563
What are the prime factors of 2791950?
2, 3, 5, 7, 2659
List the prime factors of 26238169.
349, 75181
List the prime factors of 123882.
2, 3, 11, 1877
List the prime factors of 1265296.
2, 31, 2551
What are the prime f